= -37*i + 340. Calculate s(9).
7
Let w(k) = 2*k**2 - 7*k - 1. Calculate w(5).
14
Let o(k) = -k**3 + 5*k**2 - 4*k - 2. Calculate o(4).
-2
Let z(d) = -14*d**3 - d**2 - d. What is z(-1)?
14
Let a(g) = -21*g - 3. Determine a(-2).
39
Let v(t) = -t**3 - 7*t**2 - 7*t - 11. Give v(-6).
-5
Let x(k) = k**3 - 22*k**2 + 8*k + 35. Give x(22).
211
Let r(k) = -6*k - 68. Determine r(-13).
10
Let s(w) = -6*w + 72. Give s(8).
24
Let m(a) = 4*a**2 - a - 12. Give m(6).
126
Let s(n) = -n**2 + 26*n - 53. Calculate s(24).
-5
Let z(p) = -p**2 - 12*p - 16. Calculate z(-12).
-16
Let n(v) = 45*v - 2. Determine n(0).
-2
Let o(y) = -y**3 + 32*y**2 + 3*y - 93. Calculate o(32).
3
Let r(v) = 6*v - 9. Calculate r(12).
63
Let f(c) = 2*c**3 + 2*c**2 - 2. What is f(-3)?
-38
Let h(i) = -i**3 + i**2. What is h(-4)?
80
Let d(z) = -z**2 + 10*z - 16. What is d(8)?
0
Let j(s) = -313*s - 618. Determine j(-2).
8
Let r(u) = 2*u**2 - 44*u + 148. Determine r(4).
4
Let d(m) = m**3 + 3*m**2 - m - 1. What is d(-3)?
2
Let s(j) = 2*j**3 - 3*j**2 - 6*j + 4. Determine s(4).
60
Let f(y) = -y**3 + 5*y**2 - 3*y + 4. What is f(4)?
8
Let r(l) = -5*l + 6. What is r(-22)?
116
Let z(c) = 5*c - 41. Give z(8).
-1
Let q(o) = 19*o - 13. Give q(8).
139
Let q(a) = -a - 1. Determine q(-16).
15
Let h(z) = -z**3 + z**2 + z. Determine h(2).
-2
Let v(x) = -x**3 - 13*x**2 - 11*x + 2. Calculate v(-12).
-10
Let j(k) = -2*k**2 + 19*k - 31. What is j(9)?
-22
Let o(a) = -a**3 + 11*a**2 + 26*a + 6. Give o(13).
6
Let a(m) = 2*m + 3. What is a(-2)?
-1
Let i(u) = 5*u - 186. What is i(40)?
14
Let h(w) = -w**3 - w**2 + 21*w + 5. Determine h(-5).
0
Let r(c) = 5*c**3 - c. Give r(-2).
-38
Let f(a) = 5*a - 3. What is f(2)?
7
Let z(i) = 16*i + 17. Determine z(-8).
-111
Let n(h) = h**2 + 5*h + 3. Calculate n(-5).
3
Let b(u) = 2*u**2 - 18*u + 67. What is b(5)?
27
Let s(n) = 8*n**2 + 3*n - 16. Calculate s(3).
65
Let f(h) = -h**3 + 13*h**2 - 27*h - 40. Give f(10).
-10
Let n(r) = 8*r - 139. Determine n(19).
13
Let d(s) = -s**3 - 6*s**2 - 2*s + 7. Determine d(-6).
19
Let r(q) = -q**3 + 10*q**2 + 7*q + 3. Give r(10).
73
Let m(t) = t**3 + 8*t**2 - 45*t + 25. Calculate m(-12).
-11
Let p(y) = -y**3 + 10*y**2 - 8*y + 22. Give p(9).
31
Let k(l) = -4*l**2 + 14*l - 13. Calculate k(1).
-3
Let a(l) = l**3 + 18*l**2 - 20*l - 26. Calculate a(-19).
-7
Let y(r) = 4*r - 18. What is y(8)?
14
Let q(f) = -f**3 - 8*f**2 + 10*f. Give q(-9).
-9
Let p(r) = -r**2 - 2*r + 17. Give p(3).
2
Let n(y) = -y**2 + 13*y - 25. Calculate n(11).
-3
Let t(h) = 14*h - 1. Determine t(-1).
-15
Let o(d) = -d**2 + 13*d. What is o(12)?
12
Let c(i) = -2*i**2 - 8*i + 5. What is c(-5)?
-5
Let j(x) = 7*x + 40. Determine j(-10).
-30
Let h(i) = -i**2 + 9*i - 5. Calculate h(3).
13
Let v(p) = p**2 + 11*p - 15. What is v(-14)?
27
Let t(q) = -q**3 - 5*q**2 + 5*q + 3. What is t(-6)?
9
Let y(i) = -i**3 + 10*i**2 - 28*i + 67. What is y(8)?
-29
Let p(l) = -2*l**2 + 9*l - 11. Calculate p(5).
-16
Let x(u) = 20*u - 61. What is x(5)?
39
Let a(f) = -f**3 + 3*f**2 + 4*f - 9. Calculate a(3).
3
Let c(r) = -2*r - 2. What is c(-2)?
2
Let i(j) = -4*j + 172. Determine i(43).
0
Let h(b) = -b**3 + 13*b**2 - 13*b - 14. Determine h(12).
-26
Let x(s) = 6*s + 4. Calculate x(-7).
-38
Let c(g) = -g**3 + 6*g**2 + 9*g + 5. What is c(8)?
-51
Let i(g) = 5*g + 99. Determine i(-22).
-11
Let m(k) = 16*k**3 + 2*k**2 - 2*k + 1. Give m(1).
17
Let x(r) = -9*r**3 - r**2 + 2*r. Give x(-2).
64
Let j(n) = -19*n - 50. Calculate j(-7).
83
Let l(z) = -z**3 - 8*z**2 - 4*z + 8. Determine l(-7).
-13
Let z(l) = -8*l + 8. Give z(6).
-40
Let h(w) = w**3 - 5*w**2 - 3*w + 2. What is h(5)?
-13
Let a(b) = -11*b - 539. What is a(-48)?
-11
Let f(c) = -18*c - 19. Calculate f(-5).
71
Let a(w) = w**3 - 21*w**2 + 72*w - 64. Determine a(17).
4
Let m(x) = -2*x + 5. Give m(-6).
17
Let f(g) = -g**3 - 7*g**2 - 5*g + 4. Give f(-4).
-24
Let v(l) = -l**3 - 12*l**2 + 27*l - 8. What is v(-14)?
6
Let a(w) = w**2 - 7*w + 9. Give a(7).
9
Let d(w) = 25*w + 153. Calculate d(-5).
28
Let q(z) = -z**2 - 2*z + 4. What is q(-7)?
-31
Let f(x) = x - 13. Calculate f(12).
-1
Let w(t) = -20*t - 129. Give w(-6).
-9
Let n(y) = -y**2 - 8*y - 20. Calculate n(-9).
-29
Let o(f) = 3*f**2 - 2*f + 1. Give o(2).
9
Let r(p) = -p - 16. Calculate r(8).
-24
Let n(p) = -12*p + 2. Give n(1).
-10
Let q(h) = -h**3 + 20*h**2 - 42*h + 40. Give q(18).
-68
Let u(o) = -3*o + 48. What is u(18)?
-6
Let w(b) = b**3 - 5*b**2 - 13*b - 82. What is w(8)?
6
Let z(p) = p**3 + 15*p**2 - 14*p + 47. Give z(-16).
15
Let x(n) = -n**3 + 7*n**2 - 5*n. What is x(6)?
6
Let c(i) = 3*i**2 + 2*i - 3. Determine c(1).
2
Let n(d) = -d**3 - 5*d**2 - 12*d - 24. What is n(-3)?
-6
Let u(q) = -q**2 - 5*q - 5. Give u(-3).
1
Let d(m) = 13*m - 17. Give d(-5).
-82
Let t(b) = 10*b + 308. What is t(-29)?
18
Let w(j) = -j**3 + 7*j**2 - 4*j + 10. Calculate w(6).
22
Let j(w) = -w - 1. Determine j(4).
-5
Let v(h) = h**2 - 7*h - 3. Determine v(6).
-9
Let a(g) = 7*g**2 - 3*g - 3. What is a(-4)?
121
Let k(n) = n**3 + 4*n**2 - n. Determine k(-5).
-20
Let z(o) = o**2 - 7*o - 7. Determine z(9).
11
Let g(a) = -a**3 - 7*a**2 + 11*a - 1. Give g(-7).
-78
Let m(i) = 2*i**3 - 3*i**2. Determine m(4).
80
Let z(a) = -a + 14. Calculate z(15).
-1
Let p(h) = h**3 + 6*h**2 + 5*h - 3. Determine p(-6).
-33
Let n(w) = -w**3 + 12*w**2 - 12*w + 10. What is n(11)?
-1
Let o(z) = -z**3 + 6*z**2 + 3*z - 12. Give o(6).
6
Let f(r) = r**3 + 12*r**2 + 12*r + 7. What is f(-11)?
-4
Let x(n) = -2*n**3 + 2*n**2 + 3. Determine x(2).
-5
Let w(r) = -r**2 - 20*r + 41. Determine w(-16).
105
Let w(o) = -o**3 - 5*o**2 - o - 11. Give w(-5).
-6
Let g(a) = a**2 + 7*a - 20. What is g(-9)?
-2
Let a(l) = 2*l - 41. What is a(21)?
1
Let b(k) = -22*k - 178. Give b(-8).
-2
Let u(t) = -t**3 - 8*t**2 - 21*t - 36. Give u(-4).
-16
Let k(b) = -2*b**3 + 38*b**2 - 35*b - 22. Determine k(18).
-4
Let s(q) = -q**2 - 6*q - 1. Give s(-9).
-28
Let h(i) = i + 3. Give h(8).
11
Let j(v) = v**3 + 12*v**2 + 9*v - 13. Calculate j(-11).
9
Let c(v) = v**3 + 5*v**2 - 3*v + 3. Give c(-7).
-74
Let s(r) = -3*r - 36. Give s(-16).
12
Let v(d) = 3*d**2 - 15*d - 38. What is v(-2)?
4
Let v(y) = -y**2 + 36*y - 66. Determine v(34).
2
Let v(a) = -a**3 - 30*a**2 + 100*a + 21. Calculate v(-33).
-12
Let d(k) = 8*k - 2. Calculate d(1).
6
Let d(p) = p - 7. Give d(5).
-2
Let y(n) = n - 2. Calculate y(9).
7
Let c(n) = n**3 + 6*n**2 + 2*n + 3. Give c(-5).
18
Let a(k) = 12*k - 42. Determine a(3).
-6
Let q(n) = 25*n - 22. Calculate q(1).
3
Let d(g) = 2*g**3 + 22*g**2 + 2*g + 18. Calculate d(-11).
-4
Let h(s) = s**3 + 8*s**2 + 13*s + 1. Determine h(-3).
7
Let j(c) = 60*c**2 - c. Calculate j(1).
59
Let v(u) = 10*u + 121. Determine v(-7).
51
Let d(s) = 2*s**2 + 7*s + 4. Calculate d(-4).
8
Let d(o) = -o**2 + 3*o - 2. Calculate d(6).
-20
Let j(r) = -r**2 + 9*r - 26. What is j(5)?
-6
Let f(o) = -o**3 + 4*o**2 - 2*o + 4. Calculate f(3).
7
Let i(z) = z - 6. What is i(8)?
2
Let u(p) = p**2 - 12*p + 11. Give u(12).
11
Let m(i) = -6*i + 5. Determine m(4).
-19
Let i(p) = -p**3 - 13*p**2 - 14*p - 31. Give i(-12).
-7
Let h(c) = -2*c**3 + 18*c**2 - 13*c - 30. Determine h(8).
-6
Let t(j) = -6*j + 38. Determine t(6).
2
Let y(p) = 2*p + 13. Calculate y(-7).
-1
Let d(u) = u - 3. Determine d(-4).
-7
Let t(h) = h + 8. Calculate t(5).
13
Let h(s) = -s**3 + 6*s**2 + 2*s - 9. Calculate h(6).
3
Let j(v) = -3*v**2 + 19*v - 28. What is j(5)?
-8
Let k(n) = -n**2 - 11*n + 16. Calculate k(-14).
-26
Let k(j) = -j**3 + 14*j**2 - 13*j + 3. What is k(13)?
3
Let t(a) = 5*a + 25. What is t(-8)?
-15
Let h(t) = -t**3 + 12*t**2 - 2*t + 28. Give h(12).
4
Let j(o) = -o**3 - 10*o**2 - 18*o - 22. What is j(-8)?
-6
Let o(v) = -v**3 + 7*v**2 + 8*v - 11. Give o(9).
-101
Let j(f) = -2*f**3 + 4*f**2 - 1. What is j(3)?
-19
Let o(r) = 3*r**2 - 5*r - 11. Determine o(-3).
31
Let b(v) = v**2 + 9*v + 18. Determine b(-7).
4
Let d(w) = 3*w - 21. Determine d(6).
-3
Let p(j) = -2*j**2 - 47*j - 260. What is p(-9)?
1
Let s(d) = -3*d + 5. What is s(0)?
5
Let v(i) = 3*i**2 - 3*i + 9. Determine v(4).
45
Let c(y) = -6*y + 51. Give c(14).
-33
Let j(r) = -r**3 - 9*r**2 + 3*r - 12. What is j(-10)?
58
Let o(m) = 2*m**3 - m**2 - 3*m - 5. Determine o(-2).
-19
Let g(z) = z**3 + 2*z**2 - 22*z + 1. Determine g(-6).
-11
Let z(d) = 23*d + 215. Determine z(-9).
8
Let c(k) = k**3 - 15*k**2 + 15*